{"id":63,"date":"2025-12-19T08:27:19","date_gmt":"2025-12-19T07:27:19","guid":{"rendered":"http:\/\/192.168.1.244\/index.php\/educations\/"},"modified":"2025-12-19T08:27:24","modified_gmt":"2025-12-19T07:27:24","slug":"educations","status":"publish","type":"page","link":"https:\/\/personal-it.ch\/index.php\/educations\/","title":{"rendered":"Educations"},"content":{"rendered":"\n  \n    <section class=\"u-clearfix u-image u-shading u-section-1\" id=\"sec-e699\" data-image-width=\"1000\" data-image-height=\"490\" style=\"background-image: linear-gradient(0deg, rgba(0, 0, 0, 0.4), rgba(0, 0, 0, 0.4)), url(&quot;https:\/\/personal-it.ch\/wp-content\/uploads\/2025\/12\/education.png&quot;);\">\n      <div class=\"u-clearfix u-sheet u-valign-middle u-sheet-1\">\n        <h1 class=\"u-align-center u-text u-text-default u-text-1\"> L'informatique,<br>pour les \u00c9coles\n        <\/h1>\n      <\/div>\n    <\/section>\n    <section class=\"u-clearfix u-palette-5-light-2 u-section-2\" id=\"carousel_d338\">\n      <div class=\"u-expanded-width u-shape u-shape-rectangle u-white u-shape-1\"><\/div>\n      <div class=\"data-layout-selected u-clearfix u-gutter-26 u-layout-wrap u-layout-wrap-1\">\n        <div class=\"u-layout\">\n          <div class=\"u-layout-row\">\n            <div class=\"u-size-15 u-size-30-md\">\n              <div class=\"u-layout-col\">\n                <div class=\"u-container-style u-hidden-sm u-hidden-xs u-layout-cell u-size-20 u-layout-cell-1\">\n                  <div class=\"u-container-layout u-container-layout-1\"><\/div>\n                <\/div>\n                <div class=\"u-align-center u-container-style u-layout-cell u-palette-1-base u-shape-rectangle u-size-40 u-layout-cell-2\" data-animation-name=\"\" data-animation-duration=\"0\" data-animation-delay=\"0\" data-animation-direction=\"\">\n                  <div class=\"u-container-layout u-container-layout-2\"><span class=\"u-file-icon u-icon u-icon-circle u-text-palette-1-base u-white u-icon-1\" data-animation-name=\"\" data-animation-duration=\"0\" data-animation-delay=\"0\" data-animation-direction=\"\"><img decoding=\"async\" src=\"https:\/\/personal-it.ch\/wp-content\/uploads\/2025\/12\/ec83a0e8.png\" alt=\"\"><\/span>\n                    <h5 class=\"u-custom-font u-font-lato u-text u-text-1\">Formation et atelier<\/h5>\n                    <p class=\"u-text u-text-2\"> Investir dans des produits Apple, c\u2019est s\u2019assurer un investissement dans la simplicit\u00e9 d\u2019utilisation et offrent une dur\u00e9e de vie sans \u00e9gal, qui augmente la productivit\u00e9, facilite l'autonomie, la prise en main et disposant d'une s\u00e9curit\u00e9 sans \u00e9gal. L'important est donc la maitrise de ces outils afin de pouvoir se concentrer sur vos \u00e9l\u00e8ves. \u200bSeul ou \u00e0 plusieurs, avec quelques astuces et une meilleure compr\u00e9hension, vous serez en capacit\u00e9 mieux maitriser vos produits Apple. Via une formation ou un atelier, car la pratique est importante et que vos collaborateurs apprendront plus vite. Cela permettra \u00e9galement d'approfondir ces comp\u00e9tences et de mieux appr\u00e9hender les outils qui&nbsp;sont dans votre \u00e9tablissement, afin de permettre \u00e0 votre personnel de se concentrer sur l'essentiel, la p\u00e9dagogie.<\/p>\n                  <\/div>\n                <\/div>\n              <\/div>\n            <\/div>\n            <div class=\"u-size-15 u-size-30-md\">\n              <div class=\"u-layout-col\">\n                <div class=\"u-align-center u-container-style u-layout-cell u-size-40 u-white u-layout-cell-3\">\n                  <div class=\"u-container-layout u-container-layout-3\"><span class=\"u-file-icon u-icon u-icon-circle u-palette-1-base u-text-white u-icon-2\"><img decoding=\"async\" src=\"https:\/\/personal-it.ch\/wp-content\/uploads\/2025\/12\/1f2f3ae0.png\" alt=\"\"><\/span>\n                    <h5 class=\"u-custom-font u-font-montserrat u-text u-text-palette-1-base u-text-3\">Support IT<\/h5>\n                    <p class=\"u-text u-text-palette-5-dark-2 u-text-4\"> Un support informatique et une assistante pour le personnel de votre \u00e9tablissement scolaire permettra de mieux appr\u00e9hender et maitriser les outils et les syst\u00e8mes qui les entourent. La ma\u00eetrise des \u00e9l\u00e9ments mise \u00e0 disposition des enseignants leur permettra de se concentrer sur la p\u00e9dagogie et leurs \u00e9l\u00e8ves. Notre savoir-faire et savoir-\u00eatre permet \u00e9galement d'accompagner votre \u00e9quipe en charge du helpesk, s'il existe dans votre \u00e9tablissement. Dans le cas o\u00f9 votre \u00e9tablissement ne dispose pas d'\u00e9quipe en charge du helpdesk, nous pouvons prendre en charge tout ou partie de ce besoin et apporter un support de proximit\u00e9 ou \u00e0 distance, permettant d'\u00eatre efficace, efficient et r\u00e9actif. Notre savoir-faire et savoir-\u00eatre dans ce domaine vous donnera les cl\u00e9s pour une r\u00e9ussite totale.<\/p>\n                  <\/div>\n                <\/div>\n                <div class=\"u-container-style u-hidden-sm u-hidden-xs u-layout-cell u-size-20 u-layout-cell-4\">\n                  <div class=\"u-container-layout u-container-layout-4\"><\/div>\n                <\/div>\n              <\/div>\n            <\/div>\n            <div class=\"u-size-15 u-size-30-md\">\n              <div class=\"u-layout-col\">\n                <div class=\"u-container-style u-hidden-sm u-hidden-xs u-layout-cell u-size-20 u-layout-cell-5\">\n                  <div class=\"u-container-layout u-container-layout-5\"><\/div>\n                <\/div>\n                <div class=\"u-align-center u-container-style u-layout-cell u-palette-1-base u-size-40 u-layout-cell-6\">\n                  <div class=\"u-container-layout u-container-layout-6\"><span class=\"u-file-icon u-icon u-icon-circle u-text-palette-1-base u-white u-icon-3\"><img decoding=\"async\" src=\"https:\/\/personal-it.ch\/wp-content\/uploads\/2025\/12\/444fb275.png\" alt=\"\"><\/span>\n                    <h5 class=\"u-custom-font u-font-montserrat u-text u-text-5\"> Gestion centralis\u00e9e<\/h5>\n                    <p class=\"u-text u-text-6\"> La gestion d'un parc informatique de nos jours devient un gageur avec les probl\u00e8mes de s\u00e9curit\u00e9s, les mises \u00e0 jour, le support et assurer une continuit\u00e9 des syst\u00e8mes. La gestion via un MDM (Mobile Devices Management) tel que Jamf permet d'avoir une vue globale, simple, modulable et s\u00e9curis\u00e9e de tous vos \u00e9quipements, peu importe o\u00f9 vous \u00eates. Fort de 10 ann\u00e9es d'int\u00e9gration de ces outils au sein des \u00e9coles. Le d\u00e9ploiement en \u00ab&nbsp;z\u00e9ro-touch&nbsp;\u00bb rapide de vos outils, l'inventaire de vos \u00e9quipements, les mises \u00e0 jour des syst\u00e8mes et des logiciels sans intervention sur site n'auront plus de secret pour vous.&nbsp;Votre exp\u00e9rience Apple et celle de vos enseignants et \u00e9l\u00e8ves n'en seront que meilleures et l'exp\u00e9rience acquise sera renforc\u00e9e. La p\u00e9dagogie ne sera que renforc\u00e9e et simplifi\u00e9e.<\/p>\n                  <\/div>\n                <\/div>\n              <\/div>\n            <\/div>\n            <div class=\"u-size-15 u-size-30-md\">\n              <div class=\"u-layout-col\">\n                <div class=\"u-align-center u-container-style u-layout-cell u-size-40 u-white u-layout-cell-7\">\n                  <div class=\"u-container-layout u-container-layout-7\"><span class=\"u-file-icon u-icon u-icon-circle u-palette-1-base u-text-white u-icon-4\"><img decoding=\"async\" src=\"https:\/\/personal-it.ch\/wp-content\/uploads\/2025\/12\/889fbedc.png\" alt=\"\"><\/span>\n                    <h5 class=\"u-custom-font u-font-montserrat u-text u-text-palette-1-base u-text-7\">Gestion r\u00e9seau<\/h5>\n                    <p class=\"u-text u-text-palette-5-dark-2 u-text-8\"> Alors que les \u00e9coles sont de plus en plus interconnect\u00e9es et ax\u00e9es sur la technologie afin d'enseigner aux \u00e9l\u00e8ves les bases du num\u00e9rique, un monde omnipr\u00e9sent, la base d'un Syst\u00e8me d'Information efficace est le r\u00e9seau, c'est la cl\u00e9 de vous de votre SI. En effet, sans une infrastructure appropri\u00e9e fiable et s\u00e9curis\u00e9e, m\u00eame le meilleur mat\u00e9riel ne fonctionnera pas et votre exp\u00e9rience, celle de vos enseignants et \u00e9l\u00e8ves ne sera pas satisfaisante et pas \u00e0 la hauteur de vos esp\u00e9rances et des investissements r\u00e9alis\u00e9s. Notre analyse et exp\u00e9rience permettent de d\u00e9couvrir les faiblesses et les vuln\u00e9rabilit\u00e9s en examinant votre mat\u00e9riel informatique, vos logiciels, votre architecture r\u00e9seau et vos syst\u00e8mes de s\u00e9curit\u00e9 afin de s'assurer que votre SI soit adapt\u00e9e \u00e0 votre besoin.<\/p>\n                  <\/div>\n                <\/div>\n                <div class=\"u-container-style u-hidden-sm u-hidden-xs u-layout-cell u-shape-rectangle u-size-20 u-layout-cell-8\">\n                  <div class=\"u-container-layout u-container-layout-8\"><\/div>\n                <\/div>\n              <\/div>\n            <\/div>\n          <\/div>\n        <\/div>\n      <\/div>\n      <a href=\"http:\/\/192.168.1.244\/index.php\/contact\/\" class=\"u-align-center u-btn u-btn-round u-button-style u-radius u-btn-1\" target=\"_blank\">Contactez-nous\u2026 <\/a>\n    <\/section>\n    \n    \n    \n    \n  \n","protected":false},"excerpt":{"rendered":"<p>L&rsquo;informatique,pour les \u00c9coles Formation et atelier Investir dans des produits Apple, c\u2019est s\u2019assurer un investissement dans la simplicit\u00e9 d\u2019utilisation et offrent une dur\u00e9e de vie sans \u00e9gal, qui augmente la productivit\u00e9, facilite l&rsquo;autonomie, la prise en main et disposant d&rsquo;une s\u00e9curit\u00e9 sans \u00e9gal. L&rsquo;important est donc la maitrise de ces outils afin de pouvoir se &hellip; <a href=\"https:\/\/personal-it.ch\/index.php\/educations\/\" class=\"more-link\">Continue reading<span class=\"screen-reader-text\"> \u00ab\u00a0Educations\u00a0\u00bb<\/span><\/a><\/p>\n","protected":false},"author":1,"featured_media":0,"parent":0,"menu_order":5,"comment_status":"closed","ping_status":"closed","template":"","meta":{"footnotes":""},"class_list":["post-63","page","type-page","status-publish","hentry"],"_links":{"self":[{"href":"https:\/\/personal-it.ch\/index.php\/wp-json\/wp\/v2\/pages\/63","targetHints":{"allow":["GET"]}}],"collection":[{"href":"https:\/\/personal-it.ch\/index.php\/wp-json\/wp\/v2\/pages"}],"about":[{"href":"https:\/\/personal-it.ch\/index.php\/wp-json\/wp\/v2\/types\/page"}],"author":[{"embeddable":true,"href":"https:\/\/personal-it.ch\/index.php\/wp-json\/wp\/v2\/users\/1"}],"replies":[{"embeddable":true,"href":"https:\/\/personal-it.ch\/index.php\/wp-json\/wp\/v2\/comments?post=63"}],"version-history":[{"count":1,"href":"https:\/\/personal-it.ch\/index.php\/wp-json\/wp\/v2\/pages\/63\/revisions"}],"predecessor-version":[{"id":77,"href":"https:\/\/personal-it.ch\/index.php\/wp-json\/wp\/v2\/pages\/63\/revisions\/77"}],"wp:attachment":[{"href":"https:\/\/personal-it.ch\/index.php\/wp-json\/wp\/v2\/media?parent=63"}],"curies":[{"name":"wp","href":"https:\/\/api.w.org\/{rel}","templated":true}]}}

<section class="u-clearfix u-image u-shading u-section-1" id="sec-e699" data-image-width="1000" data-image-height="490" style="background-image: linear-gradient(0deg, rgba(0, 0, 0, 0.4), rgba(0, 0, 0, 0.4)), url(&quot;https://personal-it.ch/wp-content/uploads/2025/12/education.png&quot;);">
      <div class="u-clearfix u-sheet u-valign-middle u-sheet-1">
        <h1 class="u-align-center u-text u-text-default u-text-1"> L'informatique,<br>pour les Écoles
        </h1>
      </div>
    </section>
    <section class="u-clearfix u-palette-5-light-2 u-section-2" id="carousel_d338">
      <div class="u-expanded-width u-shape u-shape-rectangle u-white u-shape-1"></div>
      <div class="data-layout-selected u-clearfix u-gutter-26 u-layout-wrap u-layout-wrap-1">
        <div class="u-layout">
          <div class="u-layout-row">
            <div class="u-size-15 u-size-30-md">
              <div class="u-layout-col">
                <div class="u-container-style u-hidden-sm u-hidden-xs u-layout-cell u-size-20 u-layout-cell-1">
                  <div class="u-container-layout u-container-layout-1"></div>
                </div>
                <div class="u-align-center u-container-style u-layout-cell u-palette-1-base u-shape-rectangle u-size-40 u-layout-cell-2" data-animation-name="" data-animation-duration="0" data-animation-delay="0" data-animation-direction="">
                  <div class="u-container-layout u-container-layout-2"><span class="u-file-icon u-icon u-icon-circle u-text-palette-1-base u-white u-icon-1" data-animation-name="" data-animation-duration="0" data-animation-delay="0" data-animation-direction=""><img decoding="async" src="https://personal-it.ch/wp-content/uploads/2025/12/ec83a0e8.png" alt=""></span>
                    <h5 class="u-custom-font u-font-lato u-text u-text-1">Formation et atelier</h5>
                    <p class="u-text u-text-2"> Investir dans des produits Apple, c’est s’assurer un investissement dans la simplicité d’utilisation et offrent une durée de vie sans égal, qui augmente la productivité, facilite l'autonomie, la prise en main et disposant d'une sécurité sans égal. L'important est donc la maitrise de ces outils afin de pouvoir se concentrer sur vos élèves. ​Seul ou à plusieurs, avec quelques astuces et une meilleure compréhension, vous serez en capacité mieux maitriser vos produits Apple. Via une formation ou un atelier, car la pratique est importante et que vos collaborateurs apprendront plus vite. Cela permettra également d'approfondir ces compétences et de mieux appréhender les outils qui&nbsp;sont dans votre établissement, afin de permettre à votre personnel de se concentrer sur l'essentiel, la pédagogie.</p>
                  </div>
                </div>
              </div>
            </div>
            <div class="u-size-15 u-size-30-md">
              <div class="u-layout-col">
                <div class="u-align-center u-container-style u-layout-cell u-size-40 u-white u-layout-cell-3">
                  <div class="u-container-layout u-container-layout-3"><span class="u-file-icon u-icon u-icon-circle u-palette-1-base u-text-white u-icon-2"><img decoding="async" src="https://personal-it.ch/wp-content/uploads/2025/12/1f2f3ae0.png" alt=""></span>
                    <h5 class="u-custom-font u-font-montserrat u-text u-text-palette-1-base u-text-3">Support IT</h5>
                    <p class="u-text u-text-palette-5-dark-2 u-text-4"> Un support informatique et une assistante pour le personnel de votre établissement scolaire permettra de mieux appréhender et maitriser les outils et les systèmes qui les entourent. La maîtrise des éléments mise à disposition des enseignants leur permettra de se concentrer sur la pédagogie et leurs élèves. Notre savoir-faire et savoir-être permet également d'accompagner votre équipe en charge du helpesk, s'il existe dans votre établissement. Dans le cas où votre établissement ne dispose pas d'équipe en charge du helpdesk, nous pouvons prendre en charge tout ou partie de ce besoin et apporter un support de proximité ou à distance, permettant d'être efficace, efficient et réactif. Notre savoir-faire et savoir-être dans ce domaine vous donnera les clés pour une réussite totale.</p>
                  </div>
                </div>
                <div class="u-container-style u-hidden-sm u-hidden-xs u-layout-cell u-size-20 u-layout-cell-4">
                  <div class="u-container-layout u-container-layout-4"></div>
                </div>
              </div>
            </div>
            <div class="u-size-15 u-size-30-md">
              <div class="u-layout-col">
                <div class="u-container-style u-hidden-sm u-hidden-xs u-layout-cell u-size-20 u-layout-cell-5">
                  <div class="u-container-layout u-container-layout-5"></div>
                </div>
                <div class="u-align-center u-container-style u-layout-cell u-palette-1-base u-size-40 u-layout-cell-6">
                  <div class="u-container-layout u-container-layout-6"><span class="u-file-icon u-icon u-icon-circle u-text-palette-1-base u-white u-icon-3"><img decoding="async" src="https://personal-it.ch/wp-content/uploads/2025/12/444fb275.png" alt=""></span>
                    <h5 class="u-custom-font u-font-montserrat u-text u-text-5"> Gestion centralisée</h5>
                    <p class="u-text u-text-6"> La gestion d'un parc informatique de nos jours devient un gageur avec les problèmes de sécurités, les mises à jour, le support et assurer une continuité des systèmes. La gestion via un MDM (Mobile Devices Management) tel que Jamf permet d'avoir une vue globale, simple, modulable et sécurisée de tous vos équipements, peu importe où vous êtes. Fort de 10 années d'intégration de ces outils au sein des écoles. Le déploiement en «&nbsp;zéro-touch&nbsp;» rapide de vos outils, l'inventaire de vos équipements, les mises à jour des systèmes et des logiciels sans intervention sur site n'auront plus de secret pour vous.&nbsp;Votre expérience Apple et celle de vos enseignants et élèves n'en seront que meilleures et l'expérience acquise sera renforcée. La pédagogie ne sera que renforcée et simplifiée.</p>
                  </div>
                </div>
              </div>
            </div>
            <div class="u-size-15 u-size-30-md">
              <div class="u-layout-col">
                <div class="u-align-center u-container-style u-layout-cell u-size-40 u-white u-layout-cell-7">
                  <div class="u-container-layout u-container-layout-7"><span class="u-file-icon u-icon u-icon-circle u-palette-1-base u-text-white u-icon-4"><img decoding="async" src="https://personal-it.ch/wp-content/uploads/2025/12/889fbedc.png" alt=""></span>
                    <h5 class="u-custom-font u-font-montserrat u-text u-text-palette-1-base u-text-7">Gestion réseau</h5>
                    <p class="u-text u-text-palette-5-dark-2 u-text-8"> Alors que les écoles sont de plus en plus interconnectées et axées sur la technologie afin d'enseigner aux élèves les bases du numérique, un monde omniprésent, la base d'un Système d'Information efficace est le réseau, c'est la clé de vous de votre SI. En effet, sans une infrastructure appropriée fiable et sécurisée, même le meilleur matériel ne fonctionnera pas et votre expérience, celle de vos enseignants et élèves ne sera pas satisfaisante et pas à la hauteur de vos espérances et des investissements réalisés. Notre analyse et expérience permettent de découvrir les faiblesses et les vulnérabilités en examinant votre matériel informatique, vos logiciels, votre architecture réseau et vos systèmes de sécurité afin de s'assurer que votre SI soit adaptée à votre besoin.</p>
                  </div>
                </div>
                <div class="u-container-style u-hidden-sm u-hidden-xs u-layout-cell u-shape-rectangle u-size-20 u-layout-cell-8">
                  <div class="u-container-layout u-container-layout-8"></div>
                </div>
              </div>
            </div>
          </div>
        </div>
      </div>
      <a href="http://192.168.1.244/index.php/contact/" class="u-align-center u-btn u-btn-round u-button-style u-radius u-btn-1" target="_blank">Contactez-nous… </a>
    </section>

<p>L&rsquo;informatique,pour les Écoles Formation et atelier Investir dans des produits Apple, c’est s’assurer un investissement dans la simplicité d’utilisation et offrent une durée de vie sans égal, qui augmente la productivité, facilite l&rsquo;autonomie, la prise en main et disposant d&rsquo;une sécurité sans égal. L&rsquo;important est donc la maitrise de ces outils afin de pouvoir se &hellip; <a href="https://personal-it.ch/index.php/educations/" class="more-link">Continue reading<span class="screen-reader-text"> « Educations »</span></a></p>
